ber?
False
Is 42977 prime?
False
Is 2161 a prime number?
True
Is 10369 prime?
True
Is 68654 composite?
True
Is 50483 composite?
True
Is 475214 prime?
False
Is 29459 composite?
True
Is 1760267 prime?
True
Is 65371 prime?
True
Is 79531 a prime number?
True
Is 10606 a composite number?
True
Is 78401 a composite number?
False
Is 2859 a prime number?
False
Is 1135 prime?
False
Is 36629 a composite number?
False
Is 281045 a composite number?
True
Is 41621 prime?
True
Is 5051 a composite number?
False
Is 70271 composite?
False
Is 203197 a prime number?
False
Is 780513 prime?
False
Is 1145 a prime number?
False
Is 265921 a composite number?
False
Is 1011 prime?
False
Is 17691 a composite number?
True
Is 3503 a composite number?
True
Is 2673557 composite?
False
Is 40042 a composite number?
True
Is 289741 composite?
False
Is 2934598 a composite number?
True
Is 56611 composite?
False
Is 264929 composite?
True
Is 1501 prime?
False
Is 1046 a prime number?
False
Is 98993 a prime number?
True
Is 1249 composite?
False
Is 4547 a composite number?
False
Is 469669 a composite number?
True
Is 88037 prime?
True
Is 15661 composite?
False
Is 12539 prime?
True
Is 871 a prime number?
False
Is 479 a composite number?
False
Is 420589 a prime number?
False
Is 2194341 prime?
False
Is 6469 composite?
False
Is 541859 composite?
False
Is 32297 a prime number?
True
Is 868409 prime?
True
Is 847523 a composite number?
True
Is 23061 a composite number?
True
Is 19105 a prime number?
False
Is 28277 a prime number?
True
Is 70427 a composite number?
True
Is 25001 a prime number?
False
Is 20437 prime?
False
Is 415067 composite?
True
Is 2453 composite?
True
Is 278403 a prime number?
False
Is 582623 a composite number?
False
Is 687499 composite?
False
Is 426589 prime?
False
Is 419183 composite?
False
Is 279847 a composite number?
False
Is 5287 a composite number?
True
Is 31679 a composite number?
True
Is 3210771 a composite number?
True
Is 79801 a prime number?
True
Is 119837 a composite number?
True
Is 170239 a prime number?
True
Is 3761 composite?
False
Is 1847 a prime number?
True
Is 91283 a prime number?
True
Is 1517 prime?
False
Is 25503 a prime number?
False
Is 1315 prime?
False
Is 26591 prime?
True
Is 48803 prime?
False
Is 172619 composite?
False
Is 15493 a prime number?
True
Is 66791 a composite number?
False
Is 8219 prime?
True
Is 46571 a prime number?
False
Is 2657285 a prime number?
False
Is 108067 composite?
True
Is 649307 composite?
False
Is 21767 a composite number?
False
Is 40009 prime?
True
Is 1361 prime?
True
Is 9613 prime?
True
Is 3126973 a prime number?
True
Is 49683 a prime number?
False
Is 12473 prime?
True
Is 2149 a composite number?
True
Is 30505 prime?
False
Is 653431 prime?
True
Is 1512253 a prime number?
True
Is 19829 a composite number?
True
Is 31071 prime?
False
Is 151967 composite?
False
Is 5661247 prime?
True
Is 76283 composite?
False
Is 22151 a composite number?
True
Is 45233 prime?
True
Is 3491 composite?
False
Is 11499 prime?
False
Is 391031 prime?
True
Is 23789 composite?
False
Is 907195 a prime number?
False
Is 317729 a composite number?
False
Is 90011 a prime number?
True
Is 621821 a composite number?
False
Is 21458 prime?
False
Is 56647 prime?
False
Is 707197 a prime number?
True
Is 83969 a composite number?
False
Is 206887 composite?
False
Is 9533 composite?
False
Is 667 a prime number?
False
Is 93395 a prime number?
False
Is 579353 prime?
True
Is 1055 composite?
True
Is 674306 prime?
False
Is 43831 composite?
True
Is 56773 composite?
False
Is 16743 composite?
True
Is 1681957 a composite number?
False
Is 1961 a prime number?
False
Is 27779 prime?
True
Is 601061 prime?
True
Is 35357 a prime number?
False
Is 240663 prime?
False
Is 56467 composite?
False
Is 25969 a composite number?
False
Is 163403 composite?
False
Is 5903 a composite number?
False
Is 23663 composite?
False
Is 15091 prime?
True
Is 48379 a prime number?
False
Is 311099 composite?
False
Is 1026439 prime?
True
Is 68473 a prime number?
True
Is 25133 composite?
True
Is 374947 composite?
True
Is 56153 a prime number?
False
Is 22403 composite?
True
Is 4063 a prime number?
False
Is 612485 a composite number?
True
Is 25429 composite?
True
Is 9083 a composite number?
True
Is 4033 prime?
False
Is 40643 a composite number?
True
Is 5381 composite?
False
Is 3089 composite?
False
Is 17735 composite?
True
Is 1217869 a prime number?
False
Is 54259 a prime number?
False
Is 56371 composite?
True
Is 40363 a composite number?
True
Is 960119 a prime number?
True
Is 181709 composite?
True
Is 201673 a prime number?
True
Is 7289 composite?
True
Is 6823 a prime number?
True
Is 23311 prime?
True
Is 166657 prime?
True
Is 27007 prime?
False
Is 121269 a composite number?
True
Is 98815 a prime number?
False
Is 154811 composite?
True
Is 2186351 a composite number?
False
Is 24593 a prime number?
True
Is 45119 a composite number?
False
Is 2557 prime?
True
Is 132713 composite?
True
Is 49403 a composite number?
True
Is 3277 a composite number?
True
Is 46877 a composite number?
False
Is 201811 prime?
False
Is 66637 composite?
True
Is 45817 prime?
True
Is 279383 composite?
True
Is 144701 prime?
True
Is 14503 a composite number?
False
Is 35755 prime?
False
Is 4963949 composite?
True
Is 88603 composite?
True
Is 5299 composite?
True
Is 3314 composite?
True
Is 13529 composite?
True
Is 1337 a composite number?
True
Is 59847 composite?
True
Is 91759 a prime number?
False
Is 56435 composite?
True
Is 614567 composite?
True
Is 43151 a composite number?
False
Is 135083 prime?
False
Is 214201 a composite number?
True
Is 25503 a prime number?
False
Is 721 a composite number?
True
Is 415931 composite?
False
Is 75133 a composite number?
False
Is 28585 prime?
False
Is 35779 a composite number?
True
Is 695023 a composite number?
True
Is 3091138 a composite number?
True
Is 75199 prime?
False
Is 310883 a prime number?
True
Is 60569 a prime number?
False
Is 1721 prime?
True
Is 100963 a composite number?
True
Is 164153 a composite number?
True
Is 158 composite?
True
Is 3973 a prime number?
False
Is 225539 a prime number?
False
Is 12421 prime?
True
Is 2419 composite?
True
Is 21209 composite?
True
Is 25939 a prime number?
True
Is 6007 prime?
True
Is 12829 a prime number?
True
Is 2194 composite?
True
Is 1481 composite?
False
Is 707501 composite?
False
Is 448139 prime?
True
Is 677 prime?
True
Is 124277 prime?
True
Is 35138 prime?
False
Is 12605 composite?
True
Is 2794303 prime?
True
Is 686573 a prime number?
False
Is 3329215 a composite number?
True
Is 4383323 a composite number?
True
Is 120277 composite?
False
Is 97133 a prime number?
False
Is 86579 a prime number?
True
Is 15511 prime?
True
Is 158843 composite?
False
Is 88103 composite?
True
Is 1603235 a composite number?
True
Is 152223 composite?
True
Is 107599 a composite number?
False
Is 16309 a prime number?
False
Is 85817 prime?
True
Is 514069 a composite number?
True
Is 270721 prime?
False
Is 268573 prime?
True
Is 85889 a prime number?
True
Is 409 a prime number?
True
Is 20635 a prime number?
False
Is 103171 prime?
True
Is 985 a composite number?
True
Is 3137 a prime number?
True
Is 6609 prime?
False
Is 67169 a composite number?
False
Is 22097 composite?
True
Is 5723 prime?
False
Is 4078 a composite number?
True
Is 88729 composite?
False
Is 122803 a prime number?
False
Is 1644283 composite?
False
Is 19237 prime?
True
Is 14187 a composite number?
True
Is 504289 a prime number?
True
Is 35261 a prime number?
False
Is 2183 composite?
True
Is 53657 prime?
True
Is 30713 a prime number?
True
Is 5269 a composite number?
True
Is 14783 a composite number?
False
Is 1009837 prime?
True
Is 292618 prime?
False
Is 20323 composite?
False
Is 2618705 composite?
True
Is 46381 prime?
True
Is 336703 a composite number?
False
Is 743573 a prime number?
True
Is 190207 a prime number?
True
Is 220577 prime?
False
Is 56257 a composite number?
True
Is 268477 a composite number?
True
Is 154027 prime?
True
Is 23917 a prime number?
True
Is 503 composite?
False
Is 49919 prime?
True
Is 563 prime?
True
Is 1753 composite?
False
Is 9029 a prime number?
True
Is 24749 a composite number?
False
Is 4729 a prime number?
True
Is 105449 composite?
False
Is 2321 prime?
False
Is 3724573 a prime number?
True
Is 63691 a prime num